d by 33.
31
Let s(l) = 20*l**2 + 4*l + 8. Let a be s(3). Let i = a - 171. What is the remainder when i is divided by 12?
5
Suppose 969 = 38*y - 3727 + 668. Calculate the remainder when 1264 is divided by y.
98
Let w(z) = -z**3 - 30*z**2 + 105*z + 447. Calculate the remainder when w(-33) is divided by 127.
122
Let a(c) = -3*c**2 + 5*c - 18. Let v be a(6). Suppose b + y - 89 = 0, -3*y + 0*y = -b + 109. Calculate the remainder when b is divided by ((-1)/(-1))/((-6)/v).
14
Let v(y) = -y**2 + 23*y + 78. Let a be v(26). Suppose -5*g = -n + 84, 3*n + 2*g + 72 - 239 = a. What is the remainder when 348 is divided by n?
53
Let n(g) = -g**3 + 7*g**2 - 8*g + 6. Let p be n(6). What is the remainder when 81 is divided by p/(4/(-16)*6)?
1
Let m be (-5990)/(-15) + (-16)/(-24). Let d = m + -149. Calculate the remainder when d is divided by 36.
35
Let t(o) be the first derivative of 2*o**3/3 + 7*o**2 - 9*o - 1759. Suppose 2*m - 25 + 6 = z, 0 = -5*m + 20. Calculate the remainder when t(z) is divided by 21.
16
Let a = -1527 + 1534. Calculate the remainder when 319 is divided by a.
4
Let w = 134 - 113. Suppose 4*x = 5*o + 7, 2*x - 4 = -x + 5*o. What is the remainder when (-1)/x + (-496)/(-12) is divided by w?
20
Let d be 3 + 6/(-4) + (-39)/26. Suppose 0*q = -2*u + 5*q + 404, 2*u + 3*q - 388 = d. What is the remainder when u is divided by 4?
1
Let f(n) = 23*n**3 + 28*n**2 + 14*n + 10. Calculate the remainder when f(4) is divided by 117.
114
Suppose 697*m = 686*m + 2706. Suppose -16*k = -626 + 50. Calculate the remainder when m is divided by k.
30
Suppose -2*s + 2*i = 106, -2*s - 65 = i + 44. Suppose 10*v - 17*v + 217 = 0. What is the remainder when (15/s - (-4)/(-18))*-120 is divided by v?
29
Suppose -x = 3*u - 13, 2 = -u - 3*x + 9. Suppose 4*t - 1 = -b, 4*b - t + u = -9. Let s(y) = 4*y**2 + 5*y + 4. Calculate the remainder when s(b) is divided by 8.
1
Suppose 3*p = q + 7, -4*q + 1 - 5 = -4*p. Suppose -5*f = -p*f - 30. What is the remainder when 69 is divided by ((160/f)/(-2))/(2/(-9))?
21
Suppose -2*h - 22*v = -26*v - 1208, -4*h + 2401 = -3*v. Let s = h + -560. Let b(c) = 12*c + 1. Calculate the remainder when s is divided by b(1).
12
Suppose 4*x - 6 = 2*x. Suppose -138 = -x*q - 0*q. Calculate the remainder when q is divided by ((-32)/20)/(63/(-30) - -2).
14
Let j(b) = 2*b**2 - 56 - 66 + 96 - 32*b. Calculate the remainder when j(19) is divided by 47.
41
Suppose -3*a - 3*k = -6*a + 174, -4*a - 2*k + 274 = 0. Calculate the remainder when 366 is divided by a.
41
Suppose 5379 = -54*o + 87*o. What is the remainder when o is divided by 48?
19
Let i = -19179 + 19229. What is the remainder when 4495 is divided by i?
45
Suppose 2*n - 22 - 54 = -m, 3*m = -2*n + 208. Calculate the remainder when 711 is divided by m.
51
Suppose 0 = -15*f - f + 336. Suppose f*i + 354 = 23*i. What is the remainder when i is divided by 15?
12
Let t(y) = 40*y - 22*y**2 - 938 + 1033 - 2*y - y**3. What is the remainder when t(-24) is divided by 16?
15
Let z(o) = 2*o + 5. Let u be z(5). Let h = 44983 + -44960. Calculate the remainder when (-2)/10 + 978/u is divided by h.
19
Let d = 150 - 92. Suppose -4*i - 255 = 5*v, -d = 2*v - 3*i + 44. Calculate the remainder when 49 is divided by ((-35)/(-15) - 2)/((-1)/v).
15
Let y be 1*(-1 - -1 - -157). Suppose u = d + 3*d - y, -2*u = 2. What is the remainder when d is divided by 4/46 - 26240/(-1886)?
11
Suppose 0*y + 5*y = 5*b + 20, 2*b = 2. Suppose 0 = -6*s + y*s. Suppose 0 = -l + 5*x - 4 + 5, s = x - 2. Calculate the remainder when 17 is divided by l.
6
Suppose 5*g = -m + 2*g + 10, 3*m - 16 = -2*g. Suppose -4*w + 304 = m*w. Calculate the remainder when w is divided by 18.
2
Suppose 5*q + 10 = 30. Suppose q*y - 98 = -3*y. Calculate the remainder when 29 is divided by y.
1
Let d(o) = -o**3 + 23*o**2 - 16*o + 54. Let t be d(23). Let q = t - -491. What is the remainder when q is divided by 61?
55
Let x = 13116 + -12226. What is the remainder when x is divided by 63?
8
Suppose -1253*r = -1273*r + 148560. What is the remainder when r is divided by 17?
16
Calculate the remainder when 1487 is divided by 8 + 8/((-120)/(-165)).
5
Let h(q) be the third derivative of 1/60*q**5 + 1/24*q**4 + 0*q + 9*q**2 - 1/6*q**3 + 0. What is the remainder when h(3) is divided by 4?
3
Let q = -23124 + 23142. What is the remainder when 5845 is divided by q?
13
Let r(y) = y**3 + 14*y**2 + 9*y + 26. Let j be r(-14). Let n = 197 + j. Calculate the remainder when n is divided by 49.
48
Suppose 2*p = -3*f + 270 + 3907, -3*p - 1385 = -f. Let k = f - 1263. Let g = 8 - -19. What is the remainder when k is divided by g?
20
Suppose h + 5*m - 35 = 4*m, -3*h = m - 103. Suppose 2*n = -s + 130, -n + 46 + 24 = -2*s. What is the remainder when n is divided by h?
32
Let z = 36 - 52. Suppose 0 = 2*k + u - 3*u - 36, 3*k + 2*u - 59 = 0. Let n = k + z. What is the remainder when 16 is divided by n?
1
What is the remainder when (16724/185)/((-4)/14*154/(-110)) is divided by 86?
54
Let i(y) = y**3 - 76. Let n be i(0). Suppose 0 = -4*m, -4*d + 2*m - 192 = 368. Let k = n - d. Calculate the remainder when k is divided by 34.
30
Let l(d) = -54*d - 1168. Calculate the remainder when l(-34) is divided by 171.
155
Suppose -x = 3*f - 20, 0 = -2*x - 5*f + 9 + 28. Let w(t) = t**3 - 10*t**2 - 9*t - 4. What is the remainder when w(x) is divided by 2?
0
Let z(r) = -5*r + 47. Let q be (-5)/(-2)*14/5. Suppose 3*c + n + 48 = q*c, -5*c - 3*n = -43. What is the remainder when c is divided by z(8)?
4
Let o(n) = 5*n**2 + 4*n - 7. Let w(j) = j**2 - j + 2. Let v(q) = o(q) - 2*w(q). What is the remainder when 36 is divided by v(2)?
10
Suppose 0 = 5*z - 3*z - 2*c - 16, -c = -2*z + 12. Suppose 5 = s, 0*v - z*v + 3*s = -601. Calculate the remainder when v is divided by 52.
50
Let i(p) = 44*p + 1154. What is the remainder when 702 is divided by i(-26)?
2
What is the remainder when 2 + (-5)/(10/(-856)) + (-2)/(-1) is divided by 88?
80
Suppose 4257*y - 1717 = 4240*y. What is the remainder when 469 is divided by y?
65
Let b = 2426 + 353. Suppose -38*o = -b - 8963. Let p(q) = -14*q - 4. What is the remainder when o is divided by p(-4)?
49
Let n(t) = 412*t**2 - 79*t - 155. Calculate the remainder when n(-2) is divided by 138.
133
Suppose -3*b + 160 = -2*s, -22*s = -12*s - 10. What is the remainder when 74 is divided by b?
20
Let p(o) = -5*o + 5. Let b(x) = -x**3 - 11*x**2 - 19*x - 15. Let a be b(-9). Let n = 46 - 34. Calculate the remainder when p(a) is divided by n.
11
Let h be -5 - (8 + -15) - 0. Suppose 0 = h*v + 542 - 660. What is the remainder when v is divided by 1 - 1 - (3 - 15)?
11
Let j = -188 + 190. Suppose 5*k - 7 = -5*r + 3*r, r = j*k + 17. What is the remainder when 18 is divided by r?
7
Let a(g) = -g**2 - 46*g - 166. Let r(w) = w**3 + 7*w**2 - 26*w + 15. Let k be r(-10). Calculate the remainder when a(k) is divided by 4.
3
Suppose 30*h + 64 = 34*h. Let r be h/12 + (-8)/(-12). Suppose -i - 5*o - 11 = -65, r*i = 3*o + 82. Calculate the remainder when i is divided by 23.
21
Calculate the remainder when ((-41)/(-82))/((-2)/(-40)) - -363 is divided by 79.
57
Suppose -390 - 205 = 7*q. Let u = 125 + q. Calculate the remainder when 115 is divided by u.
35
Let q(v) = 7*v - 57. Calculate the remainder when q(17) is divided by 22/(-2*(5 + -1)/(-4)).
7
Let c(g) = -4*g + 4 - 289*g**2 + 147*g**2 + 1 + 143*g**2. Calculate the remainder when 42 is divided by c(5).
2
Suppose -155*z = -135*z - 1060. What is the remainder when 210 is divided by z?
51
Let g = -5545 - -5566. What is the remainder when 4551 is divided by g?
15
Let a = 38 - 35. Let v be (-346)/a + (-3)/(-27)*3. Let m = -21 - v. Calculate the remainder when m is divided by 33.
28
Let r(u) = 2*u**2 + 369*u + 2176. Calculate the remainder when 697 is divided by r(-6).
17
Let s(v) = 799*v**2 + 7*v + 1. Let c be s(2). Suppose -c = -17*g + 1396. What is the remainder when g is divided by 8?
7
Suppose -6*g + 4*g = -126. Let u = -5 - g. What is the remainder when (-150)/4*u/51 is divided by 17?
16
Let s = 6636 + -6531. Calculate the remainder when s is divided by 15.
0
Let m = -380 - -392. Suppose -8*k = -2*k - 12. Suppose -11*c + m*c - k*u = 63, -3*c + 5*u = -193. Calculate the remainder when c is divided by 22.
5
Let o(t) = -t**2 + 25*t - 72. Let v be o(16). Suppose 0 = -40*u + 44*u 